lculate q(4).
2098
Let q(i) = 2*i**3 + 128*i**2 - 240*i + 1670. What is q(-66)?
86
Let l(m) = -2*m**3 + 23*m**2 + 243*m - 117. Calculate l(18).
45
Let u(r) = -6*r**2 - 72*r + 333. Calculate u(5).
-177
Let b(k) = -k**2 - 203*k - 6338. Give b(-39).
58
Let x(v) = -10*v**2 - 514*v - 2485. Give x(-5).
-165
Let o(m) = -2*m**3 + 341*m**2 - 5613*m - 1670. Determine o(152).
2
Let v(i) = 199*i + 816. Calculate v(-7).
-577
Let a(u) = 3*u**3 + u**2 + 74*u + 158. Calculate a(-4).
-314
Let z(s) = -70*s**2 - 25211*s + 21306. Give z(-361).
7
Let b(x) = 4*x**2 - 406*x + 2658. Give b(95).
188
Let g(i) = -11*i**2 - 681*i - 1888. Calculate g(-59).
0
Let y(f) = 7011*f - 1170834. Determine y(167).
3
Let q(s) = -589*s + 2992. Determine q(5).
47
Let s(z) = -2982*z - 8403. Determine s(-3).
543
Let r(f) = 9794*f + 1136100. Calculate r(-116).
-4
Let b(p) = p**2 + 1119*p - 69501. What is b(59)?
1
Let v(t) = 6*t**3 + 139*t**2 - 158*t - 968. Determine v(-24).
-56
Let i(w) = -337*w**2 - 27*w - 26. What is i(-1)?
-336
Let v(m) = -1973*m + 5184. Give v(2).
1238
Let d(r) = -1171*r + 19688. Give d(17).
-219
Let z(g) = -2175*g + 2718. Calculate z(1).
543
Let c(l) = l**3 - 99*l**2 + 293*l - 2. Calculate c(3).
13
Let z(b) = b**3 - 52*b**2 - 3720*b - 1607. Determine z(-40).
-7
Let b(g) = 26*g**2 - 10154*g + 5280. Give b(390).
-180
Let w(r) = -5*r**3 - 169*r**2 - 1018*r - 97. Calculate w(-26).
7
Let o(f) = -420*f + 69055. Give o(165).
-245
Let b(l) = 15*l**3 - 393*l**2 + 67*l + 289. Give b(26).
3
Let m(q) = 142323*q + 8. Give m(0).
8
Let w(s) = -s**2 - 123*s - 1910. Determine w(-105).
-20
Let t(x) = -3*x**3 - 909*x**2 - 102*x - 30906. Calculate t(-303).
0
Let p(z) = 2*z**2 - 126*z + 1382. Determine p(36).
-562
Let g(h) = -7*h**3 - 13*h**2 + 9648*h + 9650. Calculate g(-1).
-4
Let s(b) = 8035*b - 88444. Give s(11).
-59
Let b(c) = 62*c**2 - 235*c + 976. Determine b(4).
1028
Let m(c) = c**3 + 15*c**2 - 6*c + 9. Calculate m(0).
9
Let d(n) = 1318*n - 31130. What is d(23)?
-816
Let a(k) = -k**3 + 108*k**2 - 535*k + 152. Calculate a(103).
-1908
Let t(x) = 508452*x - 1016958. Determine t(2).
-54
Let m(b) = -20*b**2 - 2*b - 19. Calculate m(-6).
-727
Let u(j) = -j**2 + 143*j + 1020. Give u(-7).
-30
Let q(x) = -x**3 + 173*x**2 + 4054*x - 341. What is q(-21)?
79
Let a(b) = b**2 + 1646*b + 21248. Give a(-13).
19
Let i(g) = 9*g**3 + 1016*g**2 - 116*g - 198. Calculate i(-113).
141
Let j(v) = 11059*v + 154834. Calculate j(-14).
8
Let k(h) = h**3 - 29*h**2 - 212*h + 216. What is k(-10)?
-1564
Let a(s) = -37*s**2 + 861*s + 457. Determine a(21).
2221
Let k(u) = -4*u**2 + 4085*u + 32920. Give k(-8).
-16
Let t(u) = -269*u + 18415. What is t(73)?
-1222
Let v(i) = -19812*i - 1406758. What is v(-71)?
-106
Let a(o) = -4*o**2 - 52*o + 6253. Determine a(-46).
181
Let r(a) = a**2 + 126*a + 3795. What is r(-81)?
150
Let d(v) = v**3 - 6*v**2 - 99*v + 536. Calculate d(6).
-58
Let f(k) = 484*k + 4083. Determine f(-7).
695
Let j(c) = -188*c**2 - 409*c - 1244. What is j(-3)?
-1709
Let x(r) = -69*r**2 + 3015*r + 887. Calculate x(44).
-37
Let g(x) = x**3 - 2*x**2 - 701*x + 1404. What is g(2)?
2
Let u(m) = 191*m**2 + 1617*m + 4871. What is u(-3)?
1739
Let k(l) = -9*l**2 - 2310*l - 10514. Determine k(-252).
70
Let t(l) = 5*l**2 + 1062*l - 13365. Determine t(12).
99
Let t(a) = a**3 + 29*a**2 + 251*a + 511. What is t(-14)?
-63
Let a(l) = -14*l**2 - 4898*l + 20536. Determine a(-354).
4
Let y(d) = -d**3 + 94*d**2 + 81*d + 886. Give y(95).
-444
Let g(q) = -9641*q - 2246367. What is g(-233)?
-14
Let r(k) = k**2 - 1207*k + 55644. What is r(48)?
12
Let t(q) = -q**2 - 114*q - 1025. Give t(-18).
703
Let r(n) = 10*n**2 + 117*n - 1953. Determine r(-21).
0
Let s(d) = 361*d - 19391. Give s(55).
464
Let q(s) = 23*s**2 - 1864*s + 179. What is q(81)?
98
Let z(q) = -7*q**3 - 34*q**2 - 11*q - 36. Calculate z(-7).
776
Let j(d) = 94*d**2 + 26060*d + 6095. Determine j(-277).
1
Let w(u) = 7*u**2 - 247*u + 2234. Give w(20).
94
Let w(v) = -27398*v + 219445. Give w(8).
261
Let z(b) = -54*b**3 - 3*b**2 - 42*b + 5. Calculate z(3).
-1606
Let g(n) = 2*n**3 - 88*n**2 - 168*n + 913. Give g(46).
1649
Let d(y) = -5139*y + 560143. Give d(109).
-8
Let z(v) = 13*v**3 - 148*v**2 + 77*v - 18. Give z(9).
-1836
Let z(d) = -5*d**2 - 308*d - 1019. Determine z(-58).
25
Let c(b) = -277*b - 23147. What is c(-79)?
-1264
Let c(m) = 1972*m - 21509. Determine c(11).
183
Let r(i) = 211*i**2 + 4064*i - 3139. Calculate r(-20).
-19
Let x(j) = j**3 + 6*j**2 + 299*j - 1903. Give x(6).
323
Let c(h) = 2*h**3 + 829*h**2 + 28281*h + 2254. What is c(-377)?
-8
Let y(q) = -6*q**3 + 100*q**2 + 56*q - 388. Calculate y(17).
-14
Let s(x) = -x**3 + 10*x**2 + 622*x + 2114. Give s(-18).
-10
Let w(d) = 1560*d - 29708. Give w(19).
-68
Let g(u) = 621*u**2 + 481*u + 480. Calculate g(-1).
620
Let m(b) = 8849*b + 203579. Calculate m(-23).
52
Let s(r) = r**3 + 29*r**2 + 157*r + 3645. Determine s(-28).
33
Let i(q) = 9670*q + 4515910. Calculate i(-467).
20
Let u(l) = 14135*l**2 - 113052*l - 189. Give u(8).
35
Let v(b) = -1113*b + 218181. Calculate v(196).
33
Let l(x) = -2*x**3 + 61*x**2 - 237*x + 14. What is l(26)?
-64
Let x(p) = 145*p**2 + 6252*p - 12508. Determine x(2).
576
Let d(q) = -3*q**3 + 49*q**2 - 396*q + 45. Determine d(8).
-1523
Let b(p) = 6*p**3 + 220*p**2 + 2053*p + 687. What is b(-18)?
21
Let t(q) = -25824*q + 77662. What is t(3)?
190
Let s(k) = -1664*k - 35571. Determine s(-21).
-627
Let d(q) = -5*q**2 - 93*q + 1373. What is d(10)?
-57
Let p(s) = -5*s**3 + 30*s**2 - 126*s + 136. Calculate p(7).
-991
Let b(s) = s**3 - 17*s**2 - 160*s + 2561. Determine b(18).
5
Let l(u) = 678*u - 12892. Calculate l(19).
-10
Let m(b) = -1653*b + 66161. Determine m(40).
41
Let l(c) = 63*c**2 - 593*c + 1197. Determine l(2).
263
Let c(w) = -3*w**3 + 350*w**2 - 907*w - 499. Determine c(114).
71
Let s(a) = -2546*a + 1067. Determine s(-1).
3613
Let c(s) = -9*s**3 + 58*s**2 + 212*s - 102. Determine c(9).
-57
Let v(x) = x**2 + 10355*x + 41401. What is v(-4)?
-3
Let b(i) = 51*i**3 + 482*i**2 + 480*i + 1. Determine b(-1).
-48
Let s(c) = -1950*c - 152070. Give s(-78).
30
Let v(r) = -r**2 + 159*r - 6361. What is v(76)?
-53
Let o(f) = 17*f**3 + 66*f**2 - 12*f - 9. Determine o(-4).
7
Let h(g) = -5888*g - 22465. Give h(-4).
1087
Let f(b) = b**3 + 301*b**2 - 5384*b - 5. Give f(17).
369
Let t(p) = 17*p**2 + 241*p - 473. Determine t(2).
77
Let k(n) = 412229*n - 15. Give k(0).
-15
Let u(v) = v**2 + v - 671. Calculate u(-23).
-165
Let u(k) = -350*k**2 + 55654*k - 635. Calculate u(159).
1
Let c(g) = -425*g**2 + 6*g - 6. What is c(1)?
-425
Let s(h) = 3458*h - 3443. What is s(1)?
15
Let v(h) = h**3 + 75*h**2 - 3588*h - 17556. Determine v(-107).
-8
Let g(n) = -n**3 - 369*n**2 + 299*n - 26367. What is g(-370)?
-97
Let t(r) = -464*r**2 + 132*r - 125. Give t(1).
-457
Let p(g) = 2*g**2 - 407*g + 20316. What is p(117)?
75
Let q(v) = -57*v - 4611. What is q(-77)?
-222
Let t(r) = -9*r**2 + 324*r + 1474. Calculate t(-5).
-371
Let x(f) = f**3 + 18*f**2 + 14*f + 111. Give x(-6).
459
Let f(s) = 7818*s - 31088. Determine f(4).
184
Let s(l) = -4757*l + 570826. Give s(120).
-14
Let p(q) = 2*q**2 + 114839*q + 344508. Calculate p(-3).
9
Let t(z) = -z**3 - 43*z**2 + 335*z + 6533. What is t(-47)?
-376
Let a(o) = 18*o**3 - 58*o**2 + 20*o - 106. What is a(6)?
1814
Let c(a) = 252*a**2 - 43345*a + 215. Give c(172).
43
Let t(k) = 126209*k + 12494684. Determine t(-99).
-7
Let o(w) = 1894*w + 9771. What is o(-5)?
301
Let l(s) = -42*s - 4283. Give l(-94).
-335
Let t(d) = -60397*d - 302019. Give t(-5).
-34
Let s(b) = -151*b**2 + 3149*b - 56. Give s(21).
-518
Let v(s) = 19*s**3 - 301*s**2 + 186*s + 805. Give v(15).
-5
Let g(f) = f**2 + 55451*f + 1551862. Give g(-28).
18
Let d(x) = 344*x**3 + x**2 - 18*x + 20. Give d(1).
347
Let l(v) = -2*v**3 + 8*v**2 + 69*v - 269. Give l(4).
7
Let z(h) = -h**3 + 1268*h**2 - 6280*h - 95. What is z(5)?
80
Let b(k) = 4*k**3 - 6*k**2 - 560*k - 1658. Determine b(-9).
-20
Let y(t) = t**2 + 99*t - 18741. Give y(96).
-21
Let j(c) = -1022*c**2 + 3088*c - 35. Calculate j(3).
31
Let z(h) = 9850*h + 414834. Calculate z(-42).
1134
Let w(g) = -3*g**2 + 1040*g - 61779. Calculate w(269).
898
Let g(z) = 36*z**2 + 567*z + 156. Give g(-16).
300
Let v(q) = 2*q**2 - 242*q - 2812. Give v(131).
-192
Let d(t) = 3*t**2 - 174*t + 237. Deter